et v be b(36). Calculate the highest common divisor of 2415 and v.
21
Let v(x) = x**2 + 6*x + 17. Let w(d) = d - 14. Let f be w(21). Let z be v(f). Calculate the highest common factor of 36 and z.
36
Let r(d) = -d**2 + 6*d - 13. Let m be r(4). Let y be 6/m*(-40)/6. What is the greatest common divisor of y and 16?
8
Let s be (-69006)/(-8215)*(-250)/(-3). Let a = 68 + -40. Calculate the highest common factor of s and a.
28
Let g be 45/9 - (3 + -6). Let t be (2 + (-8)/3)/(g/(-228)). Calculate the highest common divisor of t and 209.
19
Suppose -483 + 135 = -4*y. Suppose -1306 = 12*a - 4438. Let v be (57/378 + 1/14)*a. What is the highest common divisor of v and y?
29
Let i = -9192 - -9242. Calculate the highest common divisor of 28850 and i.
50
Let x be ((-6)/9 - (-14)/12)*10. Suppose n - x*q = -0*n + 87, -2*n - q = -185. Suppose 0*v - 3*v + 69 = 0. What is the greatest common factor of v and n?
23
Let y = 6389 - 6244. What is the highest common divisor of y and 295?
5
Suppose 2*j - 4*j = -40. Suppose -j = -2*p + 5*l + 146, 5*l - 166 = -2*p. Let o = p + -58. Calculate the highest common factor of o and 10.
5
Suppose 88*o - 91280 = -238*o. Calculate the greatest common factor of 16940 and o.
140
Let q(a) = 2*a**2 + 79*a + 419. Let p be q(-5). What is the greatest common factor of 4736 and p?
74
Let w = 86 - 30. Suppose -125*d + 252 = -54*d - 62*d. What is the greatest common factor of d and w?
28
Suppose 3*b + 20 = u - b, -28 = -3*u + 4*b. Suppose -3524 = -3*l - l - u*q, -l = 5*q - 869. What is the greatest common divisor of l and 34?
34
Let c = 24 - 30. Let p be 22 + (-5 - 18/c). What is the highest common factor of p and 30?
10
Let c be (-14 + 3 + 13)/(4/330). Let t = c + 550. Calculate the highest common divisor of t and 22.
11
Suppose -1083 = -16978*h + 16921*h. Let i be 75/4 + 4/16. Calculate the greatest common divisor of h and i.
19
Let r(d) = -d**3 - 12*d**2 + 18. Let y be r(-12). Let c be -46 + y - 6/(2*-1). Let v be 30/c*(-55)/2. Calculate the highest common divisor of 231 and v.
33
Suppose 2*c - 50 = 2*k - 152, 5*k + 2*c = 227. Suppose 625 = 8*d - k. What is the highest common factor of d and 28?
28
Let z(q) = 20*q**2 + 30*q + 438. Let i be z(-11). What is the highest common factor of i and 32?
32
Suppose 2*s + 4729 = 3*o - 2849, 5*o - 12662 = -2*s. Calculate the greatest common divisor of 330 and o.
110
Let i(c) = -c**2 - 125*c - 2896. Let s be i(-31). Calculate the greatest common factor of s and 8280.
18
Let k(s) = 35*s**2 - 247*s - 490. Let v be k(-2). Calculate the greatest common divisor of 1044 and v.
36
Suppose -3*a - j - 1901 = 0, -2*a - 1274 = -0*a + 4*j. Let i be (-66)/88 - a/12. What is the greatest common factor of 28 and i?
4
Let i = -3 - -6. Suppose 0 = -i*a - 470 + 1133. Let q = 2972 - 2955. Calculate the highest common divisor of a and q.
17
Let s be 389/3 - (11 + 136/(-12)). What is the highest common divisor of s and 325?
65
Suppose 59*k + 20 = 2655 + 1495. Calculate the highest common factor of 350 and k.
70
Let d(p) be the first derivative of -3*p**2/2 + 68*p + 71. Let h be d(14). Calculate the greatest common factor of 208 and h.
26
Let n = 451 - 266. Suppose 58*l - 940 = 5498. What is the highest common factor of l and n?
37
Let v = 11211 - 11202. What is the highest common factor of v and 369?
9
Let l(h) = 13*h**2 + 159*h + 39. Let s be l(-12). Suppose s*t = 2*n + 121, -12 = -n - 14. Let o = 370 - 253. Calculate the greatest common factor of o and t.
39
Suppose z = 2*s + 19, 2*z + 27 = -s - z. Let c(o) = o**2 + 13*o + 12. Let b be c(s). Suppose -4*m + 54 + 34 = b. What is the highest common divisor of 22 and m?
22
Suppose -5*j + c = -145, 5*c = 9*j - 13*j + 116. Let o be (18/6 + -322)*(-1 + 0). Calculate the highest common factor of o and j.
29
Suppose 27*k - 806 = 25*k + 2*l, 0 = 2*k + l - 806. What is the greatest common factor of k and 31?
31
Let m(r) = 4*r**2 + 7*r**2 - 2*r**3 + 11 - 11*r - r + 20*r. Let u be m(6). Let i = -134 - -203. What is the greatest common divisor of i and u?
23
Let c = -40232 - -40400. Calculate the greatest common divisor of c and 16.
8
Suppose 0 = -23*v + 28 + 87. Suppose -u - h + 21 = 6, -67 = -v*u - 3*h. What is the greatest common factor of 99 and u?
11
Suppose -t + 2*k - 167 = -0*t, -3*t - 2*k = 469. Let d = 163 + t. What is the highest common factor of d and 64?
4
Let i = 1089 + -1068. Suppose 3*j - 2*b = 2*b - 93, 0 = 3*j - 3*b + 93. Let g = 45 + j. Calculate the greatest common factor of g and i.
7
Suppose 0*t + 3*t - 3*c - 411 = 0, c - 143 = -t. Let u be 1*1/(-5) + 2120/(-25). Let j = u + t. Calculate the highest common factor of j and 5.
5
Suppose -31*q = -39*q + 24. Suppose -11*m + 122 = -6*m + q*g, 0 = 4*m + 5*g - 108. What is the highest common factor of 352 and m?
22
Let s(y) = -183*y + 143. Let t be s(10). Let v = t + 2527. What is the highest common factor of v and 21?
21
Let c(x) = x**3 + 9*x**2 + 17*x - 20. Let f be c(-6). Let i be (-4)/f + 7028/98. Let d = 14 + 4. What is the greatest common factor of i and d?
18
Let t be (42/(-56))/(2*1/(-112)). Let d be (10/(-4) - 2)/((-24)/256). Calculate the greatest common divisor of d and t.
6
Suppose s + 4*v = 164, 877 = 29*s - 24*s + v. What is the highest common factor of 11 and s?
11
Let p be (-8)/2 - (-3 - -1). Suppose q + 201 = v, 3*q + 597 = 4*v - 202. Let c = v - p. Calculate the highest common factor of 18 and c.
18
Let r(c) = -c**2 - 75*c + 956. Let a be r(-86). What is the greatest common divisor of 38900 and a?
10
Let f be (-253)/(-33)*12 - (0 - 4). Suppose -f = -6*a + 102. What is the greatest common divisor of 9 and a?
3
Let z = -22152 + 26034. What is the greatest common divisor of 30 and z?
6
Let r be (-105)/140*(1120/(-7))/2. Calculate the highest common factor of r and 128.
4
Suppose 5*s = 4*z - 79135, 4*s = z - 6739 - 13064. What is the highest common factor of 25 and z?
25
Suppose 10246 = 122*h - 13544. What is the highest common factor of h and 2985?
15
Suppose -324*z + 22080 = -312*z. Calculate the greatest common divisor of z and 115.
115
Suppose 0 = o - 2*j - 4, 0*o - o + 3*j = -4. Suppose -o*v = -3*c - 7*v + 27, 3*c - 45 = 3*v. What is the highest common factor of 192 and c?
12
Let t(v) = 490*v + 2945. Let m be t(-6). Let s be (454/3)/(10/15). Let a be 6/(-15) - s/(-5). Calculate the highest common divisor of m and a.
5
Let a be -2*69641/(-22)*1. Calculate the greatest common divisor of a and 39.
13
Let x be (11 - -2)*(17 + 50). Calculate the greatest common divisor of x and 67.
67
Suppose -1359*t - 5796 = -694*t - 686*t. What is the highest common factor of 14 and t?
2
Let p be (-61)/(7*(-18)/126). What is the greatest common factor of p and 1?
1
Let i = -13 + 33. Let r be -15*1/(-3) - 10/2. Suppose r = 4*v + 5*t - 4*t - 645, -500 = -3*v - 4*t. What is the greatest common divisor of i and v?
20
Let v = -9581 + 9626. What is the greatest common factor of v and 140?
5
Let m be (-3)/6*(-246)/1. Suppose 6*g + m = 4*o + 5*g, 0 = -4*o - g + 125. What is the greatest common divisor of 217 and o?
31
Suppose -73*p + 4*p = -3036. What is the greatest common factor of 275 and p?
11
Let q = -405 + 184. Let o = q - -356. What is the greatest common factor of o and 15?
15
Let b(u) = -2*u**2 + 13*u + 2. Let x be b(6). Let n(w) = w**2 + 9*w - 316. Let z be n(-29). Calculate the greatest common factor of z and x.
8
Let y be (0 - -22) + 0 - -1. Suppose 0 = w - 2*c + 3*c + 4, -c - 4 = 2*w. Suppose 11*z - 834 - 1190 = w. What is the highest common divisor of z and y?
23
Let j be 4/(8/10) + -114 + 388. What is the highest common factor of 248 and j?
31
Suppose q - 4*q = -144. Let x = q + -45. Suppose -x*g = -5*g + 60. What is the greatest common divisor of 50 and g?
10
Suppose -10*k - b - 190 = -15*k, k - 38 = -3*b. What is the highest common divisor of k and 46778?
38
Suppose 3*w + 3*n - 6*n = 558, -n = 3*w - 566. Let i = w - 144. Let b be -12*(1 - i/6). What is the highest common factor of b and 57?
19
Let c = 13 + -7. Let u be (-370)/(-2)*2*6/(-15). Let w = 150 + u. What is the greatest common divisor of c and w?
2
Let s(z) = z**3 - 89*z**2 + 182*z + 447. Let k be s(87). What is the highest common factor of k and 889?
127
Suppose -720 - 1053 = -230*d + 1677. What is the greatest common divisor of 6315 and d?
15
L